{"id":32,"date":"2020-05-18T15:46:46","date_gmt":"2020-05-18T13:46:46","guid":{"rendered":"http:\/\/ecolemu.cluster028.hosting.ovh.net\/?page_id=32"},"modified":"2021-11-24T16:06:26","modified_gmt":"2021-11-24T15:06:26","slug":"piano","status":"publish","type":"page","link":"https:\/\/ecole-musique-montfavet.fr\/index.php\/piano\/","title":{"rendered":"Piano"},"content":{"rendered":"\n<p>Le <strong>piano<\/strong> est un instrument de musique polyphonique, \u00e0 clavier, de la famille des cordes frapp\u00e9es. Il se pr\u00e9sente sous deux formes&nbsp;:  <\/p>\n\n\n\n<ul class=\"wp-block-list\"><li>piano droit, avec les cordes verticales&nbsp;;<\/li><li>piano \u00e0 queue, avec les cordes horizontales.<\/li><\/ul>\n\n\n\n<p>Le nom de l&rsquo;instrument provient d&rsquo;une abr\u00e9viation de piano-forte, son anc\u00eatre du <abbr title=\"18\u1d49 si\u00e8cle\">XVIII<sup>e<\/sup><\/abbr>&nbsp;si\u00e8cle, d\u00e9crit par Scipione Maffei comme un \u00ab&nbsp;<em>gravecembalo col piano e forte<\/em>&nbsp;\u00bb, c&rsquo;est-\u00e0-dire un clavicorde ayant la possibilit\u00e9 de nuancer en intensit\u00e9 le son directement par la frappe des touches. Jouer progressivement de la nuance <em>piano<\/em> (doucement) \u00e0 la nuance <em>forte<\/em> (fort) n&rsquo;est pas possible avec des instruments comme le clavecin, l&rsquo;\u00e9pinette ou l&rsquo;orgue. <\/p>\n\n\n\n<p><strong>David Lozano,<\/strong> <strong>Renaud Gigord<\/strong> et<strong> Sophie Sanjuan<\/strong> l&rsquo;enseignent.<\/p>\n\n\n\n<div style=\"height:100px\" aria-hidden=\"true\" class=\"wp-block-spacer\"><\/div>\n\n\n\n<div class=\"wp-block-image\"><figure class=\"alignright is-resized\"><img loading=\"lazy\" decoding=\"async\" src=\"http:\/\/ecolemu.cluster028.hosting.ovh.net\/wp-content\/uploads\/2020\/08\/84859105_3441613079245920_7531874599835795456_o-1024x683.jpg\" alt=\"\" class=\"wp-image-364\" width=\"383\" height=\"255\" srcset=\"https:\/\/ecole-musique-montfavet.fr\/wp-content\/uploads\/2020\/08\/84859105_3441613079245920_7531874599835795456_o-1024x683.jpg 1024w, https:\/\/ecole-musique-montfavet.fr\/wp-content\/uploads\/2020\/08\/84859105_3441613079245920_7531874599835795456_o-300x200.jpg 300w, https:\/\/ecole-musique-montfavet.fr\/wp-content\/uploads\/2020\/08\/84859105_3441613079245920_7531874599835795456_o-768x512.jpg 768w, https:\/\/ecole-musique-montfavet.fr\/wp-content\/uploads\/2020\/08\/84859105_3441613079245920_7531874599835795456_o.jpg 2048w\" sizes=\"auto, (max-width: 383px) 100vw, 383px\" \/><\/figure><\/div>\n\n\n\n<p><strong>David<\/strong> a re\u00e7u une formation de pianiste au <strong>CRR du Grand Avignon<\/strong> dans les classes de <strong>V\u00e9ronique Muzy<\/strong> puis de <strong>Jean-Luc Andr\u00e9<\/strong>. Titulaire d&rsquo;un DEM de piano et musique de chambre, il se consacre \u00e0 l&rsquo;enseignement depuis 2007.<\/p>\n\n\n\n<p>Constamment \u00e0 la recherche de nouvelles approches musicales, il s&rsquo;engage dans diff\u00e9rentes formations notamment au pupitre d&rsquo;alto. Les diff\u00e9rentes approches de ces deux instruments lui permettent d&rsquo;appr\u00e9cier les qualit\u00e9s et les possibilit\u00e9s de chacun.<\/p>\n\n\n\n<p>Il cr\u00e9e en 2018, <a href=\"https:\/\/www.ensemblekin.com\/\">l&rsquo;ensemble KIN\u7d99\u304e<\/a>, compos\u00e9 de 8 \u00e0 10 musiciens, pour lequel il adaptera 4 programmes de cin\u00e9-concerts. Il composera \u00e9galement la musique de sa cr\u00e9ation originale : <a href=\"https:\/\/www.ensemblekin.com\/index.php\/onami\/\">\u00d4nami<\/a> qui m\u00ealera musique et illustration en live sur fond de l\u00e9gende japonaise.<\/p>\n\n\n\n<div style=\"height:100px\" aria-hidden=\"true\" class=\"wp-block-spacer\"><\/div>\n\n\n\n<hr class=\"wp-block-separator\"\/>\n\n\n\n<div style=\"height:100px\" aria-hidden=\"true\" class=\"wp-block-spacer\"><\/div>\n\n\n\n<div class=\"wp-block-image\"><figure class=\"alignright is-resized\"><img loading=\"lazy\" decoding=\"async\" src=\"http:\/\/ecolemu.cluster028.hosting.ovh.net\/wp-content\/uploads\/2020\/08\/rg-742x1024.jpg\" alt=\"\" class=\"wp-image-365\" width=\"333\" height=\"459\" srcset=\"https:\/\/ecole-musique-montfavet.fr\/wp-content\/uploads\/2020\/08\/rg-742x1024.jpg 742w, https:\/\/ecole-musique-montfavet.fr\/wp-content\/uploads\/2020\/08\/rg-217x300.jpg 217w, https:\/\/ecole-musique-montfavet.fr\/wp-content\/uploads\/2020\/08\/rg-768x1059.jpg 768w, https:\/\/ecole-musique-montfavet.fr\/wp-content\/uploads\/2020\/08\/rg.jpg 1668w\" sizes=\"auto, (max-width: 333px) 100vw, 333px\" \/><\/figure><\/div>\n\n\n\n<p><strong> Renaud Gigord<\/strong> enseigne le violoncelle et la harpe \u00e0 l&rsquo;Echo Musical depuis 2005.<br> El\u00e8ve de <strong>Barbara Marcinkowska<\/strong> (Versailles) et <strong>Elizabeth Fontan Binoche<\/strong> (Nice), il obtient<br> une m\u00e9daille d&rsquo;or au CRR de Versailles et se consacre \u00e0 l&rsquo;orchestre.<br> Violoncelle solo de l&rsquo;Orchestre Cin\u00e9matographique de Paris en 2000, il est ensuite engag\u00e9<br> pour le m\u00eame poste \u00e0 l&rsquo;Orchestre de l&rsquo;Op\u00e9ra des Landes de 2001 \u00e0 2012. Ses concerts le m\u00e8nent<br> un peu partout en France, Monaco, en Espagne, en Pologne, et au Japon.<br> Il propose l&rsquo;apprentissage du violoncelle et de la harpe, instruments permettant d&rsquo;int\u00e9grer les orchestres de l&rsquo;\u00e9cole. <\/p>\n\n\n\n<hr class=\"wp-block-separator\"\/>\n\n\n<p><br>\n<br>\n<!--StartFragment--><\/p>\n\n\n<div style=\"height:100px\" aria-hidden=\"true\" class=\"wp-block-spacer\"><\/div>\n\n\n<p><!--EndFragment--><br>\n<br>\n<\/p>\n\n\n<p><strong>Sophie Sanjuan<\/strong> a d\u00e9but\u00e9 le piano \u00e0 l&rsquo;\u00e2ge de 6 ans. Autant passionn\u00e9e de musique classique que de jazz ou de musiques actuelles, elle fait partie, depuis ses 15 ans, de diverses formations qui l&rsquo;ont amen\u00e9e \u00e0 composer et \u00e0 participer \u00e0 de nombreux concerts.<\/p>\n\n\n\n<p>Elle enseigne le piano depuis 2015 en cours particuliers et int\u00e8gre l&rsquo;Ecole de musique d&rsquo;Avignon-Montfavet en 2021.<\/p>\n\n\n\n<p>Elle propose une formation personnalis\u00e9e, en s&rsquo;adaptant au\nrythme et aux capacit\u00e9s de chacun.<\/p>\n\n\n\n<h4 class=\"wp-block-heading\" style=\"text-align:right\"><a href=\"http:\/\/ecolemu.cluster028.hosting.ovh.net\/index.php\/equipe-pedagogique\/\">Retour ><\/a><\/h4>\n","protected":false},"excerpt":{"rendered":"<p>Le piano est un instrument de musique polyphonique, \u00e0 clavier, de la famille des cordes [&hellip;]<\/p>\n","protected":false},"author":1,"featured_media":197,"parent":0,"menu_order":0,"comment_status":"closed","ping_status":"closed","template":"","meta":{"footnotes":""},"class_list":["post-32","page","type-page","status-publish","has-post-thumbnail","hentry"],"_links":{"self":[{"href":"https:\/\/ecole-musique-montfavet.fr\/index.php\/wp-json\/wp\/v2\/pages\/32","targetHints":{"allow":["GET"]}}],"collection":[{"href":"https:\/\/ecole-musique-montfavet.fr\/index.php\/wp-json\/wp\/v2\/pages"}],"about":[{"href":"https:\/\/ecole-musique-montfavet.fr\/index.php\/wp-json\/wp\/v2\/types\/page"}],"author":[{"embeddable":true,"href":"https:\/\/ecole-musique-montfavet.fr\/index.php\/wp-json\/wp\/v2\/users\/1"}],"replies":[{"embeddable":true,"href":"https:\/\/ecole-musique-montfavet.fr\/index.php\/wp-json\/wp\/v2\/comments?post=32"}],"version-history":[{"count":9,"href":"https:\/\/ecole-musique-montfavet.fr\/index.php\/wp-json\/wp\/v2\/pages\/32\/revisions"}],"predecessor-version":[{"id":1126,"href":"https:\/\/ecole-musique-montfavet.fr\/index.php\/wp-json\/wp\/v2\/pages\/32\/revisions\/1126"}],"wp:featuredmedia":[{"embeddable":true,"href":"https:\/\/ecole-musique-montfavet.fr\/index.php\/wp-json\/wp\/v2\/media\/197"}],"wp:attachment":[{"href":"https:\/\/ecole-musique-montfavet.fr\/index.php\/wp-json\/wp\/v2\/media?parent=32"}],"curies":[{"name":"wp","href":"https:\/\/api.w.org\/{rel}","templated":true}]}}