{"id":24,"date":"2020-05-18T15:46:46","date_gmt":"2020-05-18T13:46:46","guid":{"rendered":"http:\/\/ecolemu.cluster028.hosting.ovh.net\/?page_id=24"},"modified":"2025-04-16T17:13:36","modified_gmt":"2025-04-16T15:13:36","slug":"classe-orchestre","status":"publish","type":"page","link":"https:\/\/ecole-musique-montfavet.fr\/index.php\/classe-orchestre\/","title":{"rendered":"Classe d&rsquo;Orchestre"},"content":{"rendered":"\n<p><strong>Cet ensemble offre aux musiciens vents et cordes r\u00e9unis la possibilit\u00e9 de faire leurs premiers pas en pratique collective<\/strong>. C&rsquo;est en g\u00e9n\u00e9ral vers le niveau 1er cycle\/2 que les \u00e9l\u00e8ves se voient proposer la participation \u00e0 la classe d&rsquo;orchestre dont l&rsquo;effectif est g\u00e9n\u00e9ralement d&rsquo;environ 25 musiciens.<\/p>\n\n\n\n<p>Elle\u00a0 est dirig\u00e9e par <a href=\"https:\/\/ecole-musique-montfavet.fr\/index.php\/piano\/\" data-type=\"page\" data-id=\"32\">David Lozano<\/a>, qui propose des morceaux de styles divers avec des arrangements personnels tenant compte de la composition de l&rsquo;orchestre qui change chaque ann\u00e9e. C&rsquo;est une p\u00e9pini\u00e8re de musiciens qui ont vocation \u00e0 int\u00e9grer par la suite l&rsquo;<a href=\"http:\/\/ecolemu.cluster028.hosting.ovh.net\/index.php\/orchestre-vents-et-cordes\/\">Orchestre Vents et Cordes<\/a>, l&rsquo;<a href=\"http:\/\/ecolemu.cluster028.hosting.ovh.net\/index.php\/harmonie\/\">Orchestre d&rsquo;Harmonie<\/a> voire l&rsquo;<a href=\"http:\/\/ecolemu.cluster028.hosting.ovh.net\/index.php\/bell-arco\/\">Ensemble \u00e0 cordes<\/a>, lorsqu&rsquo;ils atteignent le niveau 2e cycle.<\/p>\n\n\n\n<p>Les jeunes musiciens d&rsquo;orchestre d\u00e9butant d\u00e9couvrent ainsi le plaisir de\njouer avec les autres instruments, avec des partitions \u00e9dit\u00e9es sur mesure \u00e0\nleur niveau.<\/p>\n\n\n\n<p>Les r\u00e9p\u00e9titions ont lieu <strong>tous les mercredis de 17h 45 \u00e0 19h.<\/strong><\/p>\n\n\n\n<h4 class=\"wp-block-heading has-text-align-right\"><a href=\"http:\/\/ecolemu.cluster028.hosting.ovh.net\/index.php\/nos-ensembles\/\">&lt; Retour<\/a><\/h4>\n","protected":false},"excerpt":{"rendered":"<p>Cet ensemble offre aux musiciens vents et cordes r\u00e9unis la possibilit\u00e9 de faire leurs premiers [&hellip;]<\/p>\n","protected":false},"author":1,"featured_media":270,"parent":0,"menu_order":0,"comment_status":"closed","ping_status":"closed","template":"","meta":{"footnotes":""},"class_list":["post-24","page","type-page","status-publish","has-post-thumbnail","hentry"],"_links":{"self":[{"href":"https:\/\/ecole-musique-montfavet.fr\/index.php\/wp-json\/wp\/v2\/pages\/24","targetHints":{"allow":["GET"]}}],"collection":[{"href":"https:\/\/ecole-musique-montfavet.fr\/index.php\/wp-json\/wp\/v2\/pages"}],"about":[{"href":"https:\/\/ecole-musique-montfavet.fr\/index.php\/wp-json\/wp\/v2\/types\/page"}],"author":[{"embeddable":true,"href":"https:\/\/ecole-musique-montfavet.fr\/index.php\/wp-json\/wp\/v2\/users\/1"}],"replies":[{"embeddable":true,"href":"https:\/\/ecole-musique-montfavet.fr\/index.php\/wp-json\/wp\/v2\/comments?post=24"}],"version-history":[{"count":8,"href":"https:\/\/ecole-musique-montfavet.fr\/index.php\/wp-json\/wp\/v2\/pages\/24\/revisions"}],"predecessor-version":[{"id":1615,"href":"https:\/\/ecole-musique-montfavet.fr\/index.php\/wp-json\/wp\/v2\/pages\/24\/revisions\/1615"}],"wp:featuredmedia":[{"embeddable":true,"href":"https:\/\/ecole-musique-montfavet.fr\/index.php\/wp-json\/wp\/v2\/media\/270"}],"wp:attachment":[{"href":"https:\/\/ecole-musique-montfavet.fr\/index.php\/wp-json\/wp\/v2\/media?parent=24"}],"curies":[{"name":"wp","href":"https:\/\/api.w.org\/{rel}","templated":true}]}}

<p><strong>Cet ensemble offre aux musiciens vents et cordes réunis la possibilité de faire leurs premiers pas en pratique collective</strong>. C&rsquo;est en général vers le niveau 1er cycle/2 que les élèves se voient proposer la participation à la classe d&rsquo;orchestre dont l&rsquo;effectif est généralement d&rsquo;environ 25 musiciens.</p>



<p>Elle  est dirigée par <a href="https://ecole-musique-montfavet.fr/index.php/piano/" data-type="page" data-id="32">David Lozano</a>, qui propose des morceaux de styles divers avec des arrangements personnels tenant compte de la composition de l&rsquo;orchestre qui change chaque année. C&rsquo;est une pépinière de musiciens qui ont vocation à intégrer par la suite l&rsquo;<a href="http://ecolemu.cluster028.hosting.ovh.net/index.php/orchestre-vents-et-cordes/">Orchestre Vents et Cordes</a>, l&rsquo;<a href="http://ecolemu.cluster028.hosting.ovh.net/index.php/harmonie/">Orchestre d&rsquo;Harmonie</a> voire l&rsquo;<a href="http://ecolemu.cluster028.hosting.ovh.net/index.php/bell-arco/">Ensemble à cordes</a>, lorsqu&rsquo;ils atteignent le niveau 2e cycle.</p>



<p>Les jeunes musiciens d&rsquo;orchestre débutant découvrent ainsi le plaisir de
jouer avec les autres instruments, avec des partitions éditées sur mesure à
leur niveau.</p>



<p>Les répétitions ont lieu <strong>tous les mercredis de 17h 45 à 19h.</strong></p>



<h4 class="wp-block-heading has-text-align-right"><a href="http://ecolemu.cluster028.hosting.ovh.net/index.php/nos-ensembles/">&lt; Retour</a></h4>

<p>Cet ensemble offre aux musiciens vents et cordes réunis la possibilité de faire leurs premiers [&hellip;]</p>
