{"id":1662,"date":"2025-05-14T14:17:03","date_gmt":"2025-05-14T12:17:03","guid":{"rendered":"https:\/\/ecole-musique-montfavet.fr\/?page_id=1662"},"modified":"2026-01-13T16:11:10","modified_gmt":"2026-01-13T15:11:10","slug":"ensemble-vocal","status":"publish","type":"page","link":"https:\/\/ecole-musique-montfavet.fr\/index.php\/ensemble-vocal\/","title":{"rendered":"Ensemble Vocal"},"content":{"rendered":"\n<p>Nous avions, il y a quelques ann\u00e9es, la chance de proposer un ensemble vocal baptis\u00e9 <em>Aria Volubilis<\/em> avec lequel nous proposions des concerts orchestre et chorale de grande qualit\u00e9.<\/p>\n\n\n\n<p>La crise sanitaire ne nous a pas permis de maintenir cette pratique.<\/p>\n\n\n\n<p>Suite \u00e0 de nombreuses demandes, la saison 2025-2026 nous offre la possibilit\u00e9 de lancer un nouvel ensemble vocal qui sera baptis\u00e9 d\u00e8s la rentr\u00e9e prochaine !<\/p>\n\n\n\n<p>Les inscriptions d\u00e9buteront le mercredi 18\/06 et les r\u00e9p\u00e9titions commenceront dans le courant du mois de septembre avec notre professeure de chant, Marie-Alix Thoury.<\/p>\n\n\n<div class=\"wp-block-image\">\n<figure class=\"aligncenter size-large is-resized\"><img loading=\"lazy\" decoding=\"async\" width=\"724\" height=\"1024\" src=\"https:\/\/ecole-musique-montfavet.fr\/wp-content\/uploads\/2025\/05\/com-nouvelle-chorale-25-25-724x1024.png\" alt=\"\" class=\"wp-image-1668\" style=\"width:372px;height:auto\"\/><\/figure><\/div>\n\n\n<p>Horaires : Mardi de 20h \u00e0 21h30<\/p>\n","protected":false},"excerpt":{"rendered":"<p>Nous avions, il y a quelques ann\u00e9es, la chance de proposer un ensemble vocal baptis\u00e9 [&hellip;]<\/p>\n","protected":false},"author":1,"featured_media":1672,"parent":0,"menu_order":0,"comment_status":"closed","ping_status":"closed","template":"","meta":{"footnotes":""},"class_list":["post-1662","page","type-page","status-publish","has-post-thumbnail","hentry"],"_links":{"self":[{"href":"https:\/\/ecole-musique-montfavet.fr\/index.php\/wp-json\/wp\/v2\/pages\/1662","targetHints":{"allow":["GET"]}}],"collection":[{"href":"https:\/\/ecole-musique-montfavet.fr\/index.php\/wp-json\/wp\/v2\/pages"}],"about":[{"href":"https:\/\/ecole-musique-montfavet.fr\/index.php\/wp-json\/wp\/v2\/types\/page"}],"author":[{"embeddable":true,"href":"https:\/\/ecole-musique-montfavet.fr\/index.php\/wp-json\/wp\/v2\/users\/1"}],"replies":[{"embeddable":true,"href":"https:\/\/ecole-musique-montfavet.fr\/index.php\/wp-json\/wp\/v2\/comments?post=1662"}],"version-history":[{"count":5,"href":"https:\/\/ecole-musique-montfavet.fr\/index.php\/wp-json\/wp\/v2\/pages\/1662\/revisions"}],"predecessor-version":[{"id":1729,"href":"https:\/\/ecole-musique-montfavet.fr\/index.php\/wp-json\/wp\/v2\/pages\/1662\/revisions\/1729"}],"wp:featuredmedia":[{"embeddable":true,"href":"https:\/\/ecole-musique-montfavet.fr\/index.php\/wp-json\/wp\/v2\/media\/1672"}],"wp:attachment":[{"href":"https:\/\/ecole-musique-montfavet.fr\/index.php\/wp-json\/wp\/v2\/media?parent=1662"}],"curies":[{"name":"wp","href":"https:\/\/api.w.org\/{rel}","templated":true}]}}