{"id":1044,"date":"2021-09-06T18:54:14","date_gmt":"2021-09-06T16:54:14","guid":{"rendered":"http:\/\/ecolemu.cluster028.hosting.ovh.net\/?page_id=1044"},"modified":"2026-04-08T19:14:18","modified_gmt":"2026-04-08T17:14:18","slug":"lecole-de-musique-etape-par-etape","status":"publish","type":"page","link":"https:\/\/ecole-musique-montfavet.fr\/index.php\/lecole-de-musique-etape-par-etape\/","title":{"rendered":"S&rsquo;inscrire \u00e0 l&rsquo;Ecole de Musique, \u00e9tape par \u00e9tape !"},"content":{"rendered":"\n<h3 class=\"wp-block-heading has-text-align-center\">\u2666 \u00c9tape 1 \u2666<\/h3>\n\n\n\n<p>Choisissez <a href=\"https:\/\/ecole-musique-montfavet.fr\/index.php\/equipe-pedagogique\/\" data-type=\"link\" data-id=\"https:\/\/ecole-musique-montfavet.fr\/index.php\/equipe-pedagogique\/\">votre enseignement<\/a> dans la liste des cours propos\u00e9s \u00e0 l&rsquo;Ecole de Musique de Montfavet. Si l&rsquo;\u00e9l\u00e8ve \u00e0 inscrire a moins de 7 ans, suivez ce lien : <a href=\"https:\/\/ecole-musique-montfavet.fr\/index.php\/eveil-musical-decouverte-instrumentale\/\">\u00e9veil musical et d\u00e9couverte instrumentale<\/a><\/p>\n\n\n\n<p>Vous trouverez les dates d&rsquo;inscription et les tarifs sur <a href=\"https:\/\/ecole-musique-montfavet.fr\/index.php\/dates-de-rentree-2026\/\" data-type=\"link\" data-id=\"https:\/\/ecole-musique-montfavet.fr\/index.php\/dates-de-rentree-2026\/\">cette page<\/a>.<\/p>\n\n\n\n<div style=\"height:100px\" aria-hidden=\"true\" class=\"wp-block-spacer\"><\/div>\n\n\n\n<h3 class=\"wp-block-heading has-text-align-center\">\u2666 \u00c9tape 2 \u2666<\/h3>\n\n\n\n<p>V\u00e9rifiez les horaires des cours collectifs de formation musicale et de pratiques collectives vous conviennent : <a href=\"https:\/\/ecole-musique-montfavet.fr\/index.php\/plannings-2026-2027\/\" data-type=\"page\" data-id=\"1583\">planning des cours collectifs et ensembles 2026-2027<\/a><\/p>\n\n\n\n<div style=\"height:100px\" aria-hidden=\"true\" class=\"wp-block-spacer\"><\/div>\n\n\n\n<h3 class=\"wp-block-heading has-text-align-center\">\u2666 \u00c9tape 3 \u2666<\/h3>\n\n\n\n<p>Une fois le cursus choisi, contactez le secr\u00e9tariat pour v\u00e9rifier que des places sont disponibles. Les inscriptions des nouveaux \u00e9l\u00e8ves d\u00e9buteront le mercredi 1 Juillet 2026. Le secr\u00e9tariat sera ouvert d\u00e8s 14h.<\/p>\n\n\n\n<div style=\"height:100px\" aria-hidden=\"true\" class=\"wp-block-spacer\"><\/div>\n\n\n\n<h3 class=\"wp-block-heading has-text-align-center\">\u2666 \u00c9tape 4 \u2666<\/h3>\n\n\n\n<p>Si c&rsquo;est le cas, vos coordonn\u00e9es seront transmises aux professeurs concern\u00e9s qui vous contacteront \u00e0 leur tour afin de choisir un cr\u00e9neau.<\/p>\n\n\n\n<div style=\"height:100px\" aria-hidden=\"true\" class=\"wp-block-spacer\"><\/div>\n\n\n\n<h3 class=\"wp-block-heading has-text-align-center\">\u2666 \u00c9tape 5 \u2666<\/h3>\n\n\n\n<p>Maintenant que vous \u00eates s\u00fbrs d&rsquo;\u00eatre disponible au cr\u00e9neau propos\u00e9 par le professeur d&rsquo;instrument, rendez-vous au secr\u00e9tariat pour valider et r\u00e9gler votre inscription.<\/p>\n\n\n\n<p><strong>N&rsquo;oubliez pas de vous procurer votre instrument personnel avant le premier cours. Pensez \u00e0 vous renseigner pour une location ou un achat.<\/strong><\/p>\n\n\n\n<p><em>Nous acceptons les ch\u00e8ques, l&rsquo;esp\u00e8ce et les ch\u00e8ques vacances. Vous pouvez r\u00e9gler en plusieurs fois (jusqu&rsquo;\u00e0 6 ch\u00e8ques).<\/em> Un nouveau mode de paiement sera mis en place pour la rentr\u00e9e 2025-2026.<\/p>\n\n\n\n<p>C&rsquo;est parti, venez profiter et vous amuser avec nous !<\/p>\n","protected":false},"excerpt":{"rendered":"<p>\u2666 \u00c9tape 1 \u2666 Choisissez votre enseignement dans la liste des cours propos\u00e9s \u00e0 l&rsquo;Ecole [&hellip;]<\/p>\n","protected":false},"author":1,"featured_media":197,"parent":0,"menu_order":0,"comment_status":"closed","ping_status":"closed","template":"","meta":{"footnotes":""},"class_list":["post-1044","page","type-page","status-publish","has-post-thumbnail","hentry"],"_links":{"self":[{"href":"https:\/\/ecole-musique-montfavet.fr\/index.php\/wp-json\/wp\/v2\/pages\/1044","targetHints":{"allow":["GET"]}}],"collection":[{"href":"https:\/\/ecole-musique-montfavet.fr\/index.php\/wp-json\/wp\/v2\/pages"}],"about":[{"href":"https:\/\/ecole-musique-montfavet.fr\/index.php\/wp-json\/wp\/v2\/types\/page"}],"author":[{"embeddable":true,"href":"https:\/\/ecole-musique-montfavet.fr\/index.php\/wp-json\/wp\/v2\/users\/1"}],"replies":[{"embeddable":true,"href":"https:\/\/ecole-musique-montfavet.fr\/index.php\/wp-json\/wp\/v2\/comments?post=1044"}],"version-history":[{"count":20,"href":"https:\/\/ecole-musique-montfavet.fr\/index.php\/wp-json\/wp\/v2\/pages\/1044\/revisions"}],"predecessor-version":[{"id":1753,"href":"https:\/\/ecole-musique-montfavet.fr\/index.php\/wp-json\/wp\/v2\/pages\/1044\/revisions\/1753"}],"wp:featuredmedia":[{"embeddable":true,"href":"https:\/\/ecole-musique-montfavet.fr\/index.php\/wp-json\/wp\/v2\/media\/197"}],"wp:attachment":[{"href":"https:\/\/ecole-musique-montfavet.fr\/index.php\/wp-json\/wp\/v2\/media?parent=1044"}],"curies":[{"name":"wp","href":"https:\/\/api.w.org\/{rel}","templated":true}]}}